at is the tens digit of 876?
7
What is the tens digit of 195?
9
What is the hundreds digit of 18696?
6
What is the thousands digit of 8159?
8
What is the thousands digit of 25842?
5
What is the tens digit of 300?
0
What is the hundreds digit of 72908?
9
What is the tens digit of 5244?
4
What is the units digit of 1119?
9
What is the units digit of 52819?
9
What is the thousands digit of 12866?
2
What is the tens digit of 2779?
7
What is the hundreds digit of 3732?
7
What is the tens digit of 6645?
4
What is the thousands digit of 12521?
2
What is the hundreds digit of 20745?
7
What is the units digit of 1014?
4
What is the tens digit of 10620?
2
What is the tens digit of 915?
1
What is the thousands digit of 1719?
1
What is the units digit of 8962?
2
What is the hundreds digit of 3079?
0
What is the thousands digit of 1402?
1
What is the tens digit of 65926?
2
What is the thousands digit of 10918?
0
What is the tens digit of 743?
4
What is the tens digit of 85512?
1
What is the hundreds digit of 4914?
9
What is the tens digit of 92?
9
What is the units digit of 6248?
8
What is the units digit of 52?
2
What is the tens digit of 87?
8
What is the units digit of 9?
9
What is the tens digit of 1600?
0
What is the units digit of 27720?
0
What is the hundreds digit of 29619?
6
What is the units digit of 1092?
2
What is the thousands digit of 1363?
1
What is the units digit of 19403?
3
What is the hundreds digit of 17058?
0
What is the units digit of 422?
2
What is the thousands digit of 26497?
6
What is the hundreds digit of 50641?
6
What is the hundreds digit of 765?
7
What is the thousands digit of 13899?
3
What is the ten thousands digit of 81188?
8
What is the units digit of 13446?
6
What is the hundreds digit of 231?
2
What is the units digit of 1347?
7
What is the tens digit of 3207?
0
What is the thousands digit of 88898?
8
What is the units digit of 463?
3
What is the tens digit of 5540?
4
What is the hundreds digit of 1752?
7
What is the tens digit of 424?
2
What is the units digit of 502?
2
What is the ten thousands digit of 146436?
4
What is the units digit of 25?
5
What is the units digit of 27519?
9
What is the tens digit of 11007?
0
What is the thousands digit of 3845?
3
What is the hundreds digit of 45133?
1
What is the units digit of 11418?
8
What is the hundreds digit of 128656?
6
What is the thousands digit of 63688?
3
What is the units digit of 60158?
8
What is the tens digit of 1770?
7
What is the hundreds digit of 61772?
7
What is the units digit of 59674?
4
What is the thousands digit of 45180?
5
What is the ten thousands digit of 11190?
1
What is the tens digit of 32276?
7
What is the hundreds digit of 56074?
0
What is the thousands digit of 29150?
9
What is the hundreds digit of 3407?
4
What is the hundreds digit of 30139?
1
What is the thousands digit of 39608?
9
What is the hundreds digit of 44223?
2
What is the thousands digit of 4103?
4
What is the hundreds digit of 7433?
4
What is the thousands digit of 1420?
1
What is the thousands digit of 7481?
7
What is the thousands digit of 1168?
1
What is the tens digit of 57236?
3
What is the hundred thousands digit of 125975?
1
What is the ten thousands digit of 31593?
3
What is the hundreds digit of 511?
5
What is the units digit of 2552?
2
What is the units digit of 2878?
8
What is the tens digit of 30977?
7
What is the tens digit of 9132?
3
What is the tens digit of 701?
0
What is the thousands digit of 20079?
0
What is the hundreds digit of 763?
7
What is the tens digit of 2664?
6
What is the tens digit of 1762?
6
What is the thousands digit of 5694?
5
What is the hundreds digit of 11831?
8
What is the tens digit of 65614?
1
What is the hundred thousands digit of 103391?
1
What is the thousands digit of 2897?
2
What is the units digit of 942?
2
What is the hundreds digit of 4337?
3
What is the units digit of 39421?
1
What is the hundreds digit of 3564?
5
What is the units digit of 11909?
9
What is the thousands digit of 1446?
1
What is the tens digit of 2416?
1
What is the hundreds digit of 1471?
4
What is the hundreds digit of 547?
5
What is the units digit of 26127?
7
What is the units digit of 608?
8
What is the units digit of 118?
8
What is the tens digit of 7478?
7
What is the tens digit of 12925?
2
What is the thousands digit of 17630?
7
What is the thousands digit of 71143?
1
What is the thousands digit of 3763?
3
What is the tens digit of 2262?
6
What is the tens digit of 169?
6
What is the thousands digit of 169785?
9
What is the units digit of 5992?
2
What is the tens digit of 3112?
1
What is the thousands digit of 2826?
2
What is the units digit of 264?
4
What is the tens digit of 5817?
1
What is the ten thousands digit of 13594?
1
What is the thousands digit of 15233?
5
What is the tens digit of 3192?
9
What is the units digit of 13824?
4
What is the tens digit of 922?
2
What is the units digit of 2134?
4
What is the thousands digit of 3651?
3
What is the thousands digit of 4575?
4
What is the hundreds digit of 12877?
8
What is the thousands digit of 113309?
3
What is the hundreds digit of 70755?
7
What is the hundreds digit of 950?
9
What is the units digit of 12009?
9
What is the units digit of 37970?
0
What is the units digit of 21502?
2
What is the hundreds digit of 6093?
0
What is the tens digit of 19314?
1
What is the ten thousands digit of 31052?
3
What is the units digit of 1363?
3
What is the ten thousands digit of 12567?
1
What is the tens digit of 4672?
7
What is the thousands digit of 2090?
2
What is the tens digit of 16190?
9
What is the ten thousands digit of 83437?
8
What is the thousands digit of 7104?
7
What is the tens digit of 9212?
1
What is the tens digit of 7978?
7
What is the tens digit of 10821?
2
What is the units digit of 2300?
0
What is the units digit of 623?
3
What is the hundreds digit of 4648?
6
What is the thousands digit of 5176?
5
What is the units digit of 52257?
7
What is the thousands digit of 9830?
9
What is the hundreds digit of 21162?
1
What is the tens digit of 1450?
5
What is the hundreds digit of 15071?
0
What is the units digit of 378?
8
What is the hundreds digit of 21125?
1
What is the tens digit of 1920?
2
What is the tens digit of 1291?
9
What is the tens digit of 650?
5
What is the thousands digit of 43394?
3
What is the tens digit of 806?
0
What is the tens digit of 6231?
3
What is the units digit of 993?
3
What is the thousands digit of 7834?
7
What is the hundreds digit of 9178?
1
What is the thousands digit of 1667?
1
What is the tens digit of 15629?
2
What is the tens digit of 581?
8
What is the thousands digit of 2068?
2
What is the units digit of 16838?
8
What is the hundreds digit of 9882?
8
What is the thousands digit of 7151?
7
What is the units digit of 3918?
8
What is the ten thousands digit of 18856?
1
What is the units digit of 34116?
6
What is the units digit of 11667?
7
What is the tens digit of 804?
0
What is the units digit of 936?
6
What is the thousands digit of 3022?
3
What is the thousands digit of 2511?
2
What is the thousands digit of 4930?
4
What is the hundreds digit of 1132?
1
What is the ten thousands digit of 31921?
3
What is the ten thousands digit of 69783?
6
What is the tens digit of 9719?
1
What is the thousands digit of 3860?
3
What is the tens digit of 16890?
9
What is the thousands digit of 4685?
4
What is the thousands digit of 4785?
4
What is the hundreds digit of 118?
1
What is the ten thousands digit of 73725?
7
What is the units digit of 77427?
7
What is the tens digit of 3675?
7
What is the thousands digit of 16457?
6
What is the units digit of 15610?
0
What is the units digit of 2002?
2
What is the hundreds digit of 1032?
0
What is the tens digit of 26935?
3
What is the thousands digit of 29774?
9
What is the thousands digit of 25724?
5
What is the thousands digit of 109284?
9
What is the tens digit of 22150?
5
What is the hundreds digit of 771?
7
What is the hundreds digit of 3695?
6
What is the hundreds digit of 5296?
2
What is the units digit of 109?
9
What is the ten thousands digit of 67051?
6
What is the ten thousands digit of 29158?
2
What is the thousands digit of 17876?
7
What is the ten thousands digit of 10583?
1
What is the hundreds digit of 7854?
8
What i